((-24)/(-9))/(-4)) composite?
True
Suppose 26*j + 16989 = 33*j. Suppose 35*q - 32*q - j = 0. Is q prime?
True
Is 1/(3*(-3)/(-49239)) prime?
True
Suppose 0 = -6*m + 10*m + 5*i - 2995, -i = 5*m - 3770. Is m a prime number?
False
Is (-6 - -4)/(24/8516)*-3 a prime number?
True
Let s(i) = -i - 5*i - 1 - 10 + i. Let d(n) = -11*n - 21. Let v(w) = 4*d(w) - 9*s(w). Is v(0) prime?
False
Let y(v) be the second derivative of v**5/5 + v**4/6 + v**3/6 + 3*v**2/2 + 320*v. Let g(o) = -o**3 - o**2 - o - 2. Let p be g(-2). Is y(p) a prime number?
False
Suppose 3226 = 2*k - 972. Is k a composite number?
False
Let i(z) = -z - 1. Let d be i(-5). Suppose -u = 3*p - 3*u - 12816, -5*u + 17065 = d*p. Is p/18 - 2/9 prime?
False
Let x(c) = -1 + 5*c**2 - 4 - c**3 - 7 - 4*c**2. Let t be x(0). Is (-267)/t*2*2 composite?
False
Suppose 5*v - 21896 = -3*y, -5*v + 20440 = -5*y - 1480. Suppose -5841 = -4*k + 3*a, k = -2*k + 2*a + v. Is k a prime number?
False
Suppose 4*y = 5*u + 78, 0 = -3*y + 4*y - 2*u - 18. Suppose -y = -3*k + k. Let c(j) = 2*j**2 - 13*j - 12. Is c(k) a composite number?
True
Suppose -5*d - 2310 = d. Let v = 324 - d. Is v a prime number?
True
Suppose 4*y + 20 = 0, 22*y + 76074 = 2*d + 18*y. Is d composite?
True
Suppose -1758 = -6*u + 4*u. Let y = -374 - -637. Suppose 2*o - y = u. Is o prime?
True
Suppose 5*n + 71 = -5*d + 4*d, 4*d + 46 = -3*n. Let y(v) = 4*v**2 + 15*v - 9. Is y(n) composite?
True
Let j(v) = -3*v**3 - 5*v**2 + 2*v - 1. Let l be j(-4). Let o = l - -137. Let p = -55 + o. Is p prime?
False
Suppose -33*o + 5727 = -8892. Is o a composite number?
False
Let f = -45 - -69. Suppose -w - 6 = f. Let c = w + 55. Is c a prime number?
False
Let y = 2655 - 841. Is y a composite number?
True
Is (-14)/10 - (-1202058)/45 a prime number?
True
Let r = 160 + -71. Suppose -3*f + 37 + r = 0. Suppose 2*i = -f + 148. Is i composite?
False
Let l = 72 + -90. Suppose 3*b - 436 = -b. Let r = l + b. Is r a prime number?
False
Suppose 3*d + 2*w - 153 = 0, -2*d + 82 = w - 20. Suppose -5*q = 3*x - 1285, -3*q - d = -5*x - 822. Is q a prime number?
True
Let z(x) = 3*x - 25. Let w be z(9). Is (-1*1)/(w/(-178)) a composite number?
False
Is 704/1232 - (-1 + (-232336)/14) a composite number?
True
Suppose 2*u = -5*y, u - 2*u - 2*y + 1 = 0. Is -4395*(u/(-15))/1 a composite number?
True
Suppose c - x + 8 = 0, 0 = -c - 3*x - 2*x - 32. Let u(j) = 4*j + 12. Let l be u(c). Is (-2856)/l + 1/(-3) composite?
False
Let f = -27 + 29. Suppose 5*m - 4*p = 5767, -3*m + 1154 = -f*m - p. Is m a composite number?
False
Suppose 4*u = -22 - 10. Is (-3149)/(-3) + u/12 a composite number?
False
Let v(l) = -l**3 - 19*l**2 - 22*l - 11. Let x be 74/(-4) - 2/4. Is v(x) prime?
False
Suppose 92329 - 19295 = 26*l. Is l a composite number?
True
Let t(k) = 566*k - 34. Let v be t(10). Suppose 2*z + 0*f - v = -2*f, 5*f + 14045 = 5*z. Is z composite?
True
Let c(k) = 10*k**3 - 3*k**2 + 2*k + 10. Let s(w) = -w**3 - w**2 - w + 1. Let h(n) = c(n) + 2*s(n). Is h(5) a composite number?
False
Suppose -p = -4 - 0. Let r be p/((-291)/99 + 3). Is 210/r + (-2)/11 composite?
False
Suppose 4*u - 5*d - 4420 = 0, d - 2248 = -2*u - 24. Let i = u + -323. Is i composite?
False
Let b be (-1 - -2)/(7 - 8). Is (b - -2)*(1461 + -2) prime?
True
Let s = -2167 + 7638. Is s prime?
True
Let b be (-3)/4 - (-2467)/4. Suppose w = 911 + b. Let d = -904 + w. Is d a composite number?
True
Is 40845/5 + (-56)/7 a prime number?
True
Suppose 6858 = -61*v + 79*v. Is v prime?
False
Let k be (2 - -2)*(-983)/(-4) - 1. Suppose -923 = -3*d + k. Is d a prime number?
False
Let c be ((-2)/4)/(9/(-234)). Suppose -c*s = 25 - 272. Is s prime?
True
Let n(l) = -l**3 + 6*l**2 + 3. Let r be n(6). Let f be 3/(r/(3 - 0)). Suppose 3*k - 4 - 2 = 0, -341 = -5*y - f*k. Is y a prime number?
True
Let t(k) = 64*k - 9. Is t(5) prime?
True
Suppose -s - 4*m = -7, 8*s - 3*s + 4*m = 19. Suppose s*d = t - d + 14, 0 = -t - 2*d + 10. Let u(x) = 10*x**3 + 3*x - 4. Is u(t) composite?
True
Suppose 5*f - 16*w = -21*w + 111475, -2*f + 2*w = -44606. Is f a composite number?
True
Suppose v = -8*v + 10*v. Suppose z = -v*z + 291. Is z a composite number?
True
Suppose 2518 = -k + 8025. Is k composite?
False
Let m(u) = u**3 + u**2 + 7*u + 64205. Is m(0) composite?
True
Suppose -2*u - 2*w = 2*u - 136, -4*u + 144 = -2*w. Let d be (70/25)/(2/u). Let b = 180 - d. Is b a prime number?
True
Let g(h) = -2*h + 2 + 3*h**2 - h + 4*h. Let n be g(2). Is 600/n - (-2)/(-4) a prime number?
True
Let d = 2722 - 17. Suppose -d = -3*p - 2*p. Let k = 762 - p. Is k composite?
True
Let i be 146/8 + (-3)/12. Let a = i - 12. Is 2 - (a/(-3) - 19) a prime number?
True
Suppose -50*a + 1889963 = 11*a. Is a a prime number?
True
Suppose 2*g = 5*p - 7, -8 = -g - p - 1. Suppose g*d - 334 + 18 = 0. Is d a composite number?
False
Suppose -38897 = -16*j + 33311. Is j composite?
False
Suppose -424 = -2*d - 4*j, -2*j + 39 = -d + 259. Suppose -6*v = -2706 + d. Is v a composite number?
True
Suppose 3*r - 8882 = -q, -2*q + 8*r + 17764 = 7*r. Is q composite?
True
Let u be (27/6)/((-6)/8). Let t = u - -5. Is -4 + t + 3 + 67 composite?
True
Let k be (-1)/(-1) + (1 - 1 - 4). Is -1 - 1 - (5 + k - 683) a composite number?
True
Is 69273/21 - (-4)/14 composite?
False
Suppose 45 = 2*b - x + 2*x, 5*b = 5*x + 150. Suppose 0 = -5*t + b, 5*t - 2 = y + 37. Let h = 33 + y. Is h composite?
False
Let g be (-236)/(-3)*(-6)/(-4). Let t(f) = 7*f - 8. Let v be t(7). Let n = g - v. Is n prime?
False
Suppose 0*o + 4*o + 124 = 0. Let w = -51 - o. Let z = 66 + w. Is z a prime number?
False
Let p(r) = -273*r**3 - r**2 + 12*r + 5. Is p(-4) prime?
False
Suppose 7 = 5*x - 3. Suppose -x = 2*c - 4. Is 765 - c/((-2)/8) a prime number?
True
Suppose -14*x + 2*z - 59435 = -15*x, -5*z = 2*x - 118868. Is x composite?
True
Suppose 6*u = 24*u - 35190. Let y = 5314 - u. Is y a composite number?
False
Let r(n) = 21*n**2 - 2*n - 1. Let c(q) = 4*q - 9. Let g be c(3). Let m be g*8/6 + -6. Is r(m) prime?
False
Suppose -5*w + 12 = t - 10, -5*t - 2*w - 5 = 0. Is 123 - (1 + 0/t) a composite number?
True
Let o(r) be the third derivative of r**6/90 + 13*r**5/120 + 11*r**4/24 + 2*r**3/3 + 2*r**2. Let w(s) be the first derivative of o(s). Is w(10) composite?
False
Let y(r) = 5*r + 24. Let x be y(-4). Suppose -4*p - p = x*t - 1492, 5*t - 1865 = 3*p. Is t prime?
True
Suppose 0 = 5*c - 3*c - j - 2720, 6800 = 5*c + 5*j. Let q = -506 + 1147. Let x = c - q. Is x a composite number?
False
Let y(f) = 5*f**3 - f**2 + f - 1. Let w be y(1). Suppose -2*l + 4152 = w*l. Is l/36 - 4/18 composite?
False
Is (6 + -5)*-5 + 6997 + 5 a prime number?
True
Suppose 8*w = 4*w - 408. Let u = 483 + w. Is u a composite number?
True
Suppose 50*t = 47*t + 132051. Is t a composite number?
False
Let d = 38 - 19. Let s be (-7)/2*(d - -3). Let u = 130 + s. Is u a composite number?
False
Suppose 86514 = 3*r + 3*h, -6*r + 46900 = 4*h - 126134. Is r a composite number?
True
Suppose 13*u - 1466 = 12*u. Let r = u - -801. Is r composite?
False
Suppose -25 = 4*r + 35. Is ((-2172)/r)/(6/15) prime?
False
Suppose v = -4*i + 12, 6*i - 2*v = 3*i + 9. Let w be 5/(-5) + 2 - -632. Is 1*w/i*1 composite?
False
Suppose 10 = 7*f - 2*f. Let m(l) = 2*l - 2. Let j be m(f). Is (78/12)/(j/44) composite?
True
Let x(o) = -280*o - 3. Let j = -19 + 24. Suppose -5 - j = 5*q. Is x(q) prime?
True
Let f = 32 + -29. Is ((-1906)/3)/((-2)/f) prime?
True
Let k(g) = 14*g - 4. Let b(n) = -13*n + 2. Let c(x) = -27*x + 4. Let o(h) = -13*b(h) + 6*c(h). Let i(y) = 3*k(y) - 5*o(y). Is i(3) prime?
True
Let j be (105/(-7))/(2/(-20)). Suppose -213 = -l + j. Suppose -3*t = i - 2*i - l, t - 121 = 5*i. Is t composite?
True
Let u = -182 - -269. Let v = u + -8. Is v a composite number?
False
Let q(n) = 2 + 15*n**2 - 15*n + 5 - 29*n**3 + 28*n**3. Is q(12) prime?
False
Let g be 2/(-10) - (-710)/50. Suppose -5*l = -2*v - g, 4*v = 3*l - v - 16. Is 143 - ((0 - l) + 0) a composite number?
True
Let m be (-5 - -3) + 2 - 7. Let s = 78 + -133. Is s/(-1) - (5 + m) prime?
False
Let x(b) = b**3 - 4*b**2 + 4. Let y be x(4). Let w be (y - 1)/(-1 - -2). Suppose 0 = -w*m + 50 + 61. Is m a composite number?
False
Suppose -3842 = -31*w - 3*w. Is w prime?
True
Let r = -12886 + 24151. Suppose -18*c = -15*c - r. Is c a composite number?
True
Suppose -129 - 15 = -16*c. Is 7218/81 - 1/c